*u - 5*y - 39358, -12876 = -2*u - 4*y + 26446. Suppose u = 2*t - 8725. Is t a composite number?
False
Suppose 0 = 17*g - 44530 - 181893. Let p = 34673 - g. Is p/24 + (-3)/4 a composite number?
True
Let n(t) = -5*t**2 + 10*t + 13. Let d be n(10). Let c = d - -793. Let v = c - -225. Is v a composite number?
False
Let q = 3333 + 4550. Suppose 660 = -3*a + 2*t + 8551, -3*a + q = -4*t. Is a composite?
False
Is 26626*(1 - 0) - (690 + -685) a composite number?
True
Suppose 54 = -5*z - 151. Let h = z + 36. Is (-8970 - h)/(-5) - -2 composite?
True
Suppose -4*k + 5*m + 18909 = 0, 7244 = 2*k + 5*m - 2233. Let y = 7652 - k. Is y a composite number?
True
Let g(o) = -2*o**2 - 12*o + 3. Let d = 15 - 21. Let c be g(d). Is (-11)/c*84/(-4) prime?
False
Suppose -5*n + 1370550 = 5*t, -26*t + 1370599 = 5*n - 28*t. Is n prime?
True
Let d be (2 + -11)*24/(-54). Suppose 3*c = -c + 8, -4*c = -4*f + 84. Suppose 5031 = d*a + q, f - 3 = -4*q. Is a a composite number?
False
Let x = 179108 - 48249. Is x a composite number?
False
Is ((-45173349)/(-215))/27 + 8/(-10) composite?
True
Suppose 0 = 3*a + 5*h - 1242517, h - 8697755 = -18*a - 3*a. Is a a composite number?
False
Suppose -21*u = -22*u - 6. Let p(d) = 94*d**2 - 4*d - 5. Is p(u) a composite number?
True
Suppose 0 = -30*s + s + 145. Let z(d) be the third derivative of 19*d**5/60 + 13*d**4/24 + d**3/6 + d**2. Is z(s) composite?
False
Let h(x) = -x**3 - 40*x**2 - 131*x + 683. Is h(-59) composite?
False
Let c(m) = 23971*m**2 + 8*m - 9. Is c(2) a composite number?
False
Let j(h) = 6*h - 7. Let f be j(-4). Let b be f/4 + (-5)/20. Is ((-1246)/b)/((-3)/(-12)) prime?
False
Suppose -i - 3655692 = -4*m + 920899, 3*m + 3*i - 3432432 = 0. Is m a prime number?
True
Let q = -605303 + 968826. Is q composite?
False
Let d = -642466 - -919755. Is d a prime number?
False
Let a = 40291 + 8803. Is a composite?
True
Suppose -28*b - 131*b = 86*b - 44029195. Is b composite?
True
Let h(i) = -i**2 - 14*i - 1. Let l be h(-10). Let a = -37 + l. Suppose -6*d + a*d = -844. Is d composite?
False
Let y(h) = 375900*h + 1427. Is y(6) a composite number?
False
Let h = 678 + -674. Suppose 5*x = 3*g + 42715, h*x - 3111 = 3*g + 31061. Is x prime?
True
Suppose -84*z + 57*z = -16794. Let f = 79 + z. Is f prime?
True
Suppose -19759 - 14521 = 5*x. Let g = 10349 + x. Is g a composite number?
True
Let d be 3*(-4)/6 - -402. Suppose 3*u - 5*w = -5107, -5*u - 3*w + 2*w - 8493 = 0. Let b = d - u. Is b a composite number?
False
Suppose t - 6*m - 51233 = 0, -205012 = -4*t - 10*m + 14*m. Is t a composite number?
False
Suppose 0 = -71*p + 5847487 + 8268804. Is p composite?
True
Let y(i) = -7*i + 55. Let z be y(7). Is 1487003/392 + z/(-16) composite?
False
Suppose -10 = 2*r - 7*r. Suppose -r*o - 5*f = -4400, -4*o + f = 2*f - 8782. Suppose -5*s + 10*s = o. Is s composite?
False
Let u(v) = 198*v**2 + 26*v - 177. Suppose 31*o = 14*o + 136. Is u(o) a prime number?
True
Let f = -89 - -86. Let o be f*(2/3)/2*-12. Suppose -3*c + o*c - 5517 = 0. Is c prime?
True
Let j = -27 + 20. Let n be -3*2/(-6) - (j + 2). Is (-76)/n*(0 + -15) + 1 a composite number?
False
Let w = -17440410 + 24734353. Is w composite?
False
Let h(n) be the second derivative of -1/5*n**5 + 0 + 1/2*n**2 - 22*n - 1/12*n**4 + 1/2*n**3. Is h(-2) composite?
False
Suppose k = -x + 9, -x + 2 = -k + 3. Let t = x - -3. Suppose r + t*r = 59992. Is r composite?
False
Is (14 - 0)/(-1) + 83809 a prime number?
False
Let b(s) = 55*s + 8*s - 18 + 23. Let u be b(4). Suppose 5*a - 4*d = -0*d + u, -3*a - 3*d + 165 = 0. Is a a prime number?
True
Let s be (3 + -4)/((-5)/110). Suppose 3*v + 16 = -2*j, j + 2*j = -4*v - s. Let y(n) = -174*n + 5. Is y(v) prime?
True
Let b = -63322 + 154281. Is b prime?
False
Let t(q) = 8*q - 28. Let u(h) = -h + 3. Let l(s) = -3*t(s) - 28*u(s). Let g be l(0). Suppose g = 4*m - 7*m + 153. Is m a composite number?
True
Let w(q) = q**3 - 11*q**2 + 11*q - 7. Let p be w(10). Suppose -p*i = -7*i + 4516. Suppose -2*g = -d - 3*g + 552, 2*d = 3*g + i. Is d a composite number?
False
Suppose y = -2*f - 4*y - 76, -2*f - 104 = -2*y. Let q(u) = 6*u + 8. Let m be q(-4). Is (1399/3)/(m/f) composite?
False
Is 70/(-14) + 158836 - -12 prime?
True
Let y(c) = -58*c**3 - 18*c**2 - 8*c + 21. Let w be y(9). Is (w/22 - 1)/((-1)/2) prime?
False
Suppose 78375 = 32*g - 145406 - 42171. Is g a prime number?
True
Suppose 4*s = -k + 15455, -k + 44*s = 42*s - 15491. Is k a composite number?
True
Let r(o) = 15*o - 16. Let t(j) = 30*j - 31. Let v(w) = -5*r(w) + 3*t(w). Let x be v(-8). Let g = x + 200. Is g composite?
False
Let s(b) be the second derivative of 21*b**3/2 + 25*b**2/2 + 23*b. Let g(z) = -126*z - 50. Let t(f) = -2*g(f) - 5*s(f). Is t(-8) composite?
False
Suppose 9*x = 3*x + 84. Suppose x*y - 12*y - 17626 = 0. Is y a prime number?
False
Suppose 17*a - 20136564 - 8965039 = 0. Is a prime?
True
Suppose 0 = 19*g - 1657662 - 192311. Is g prime?
True
Suppose 2*g - 30 = -4*g. Let o(y) = 159*y**2 - 6*y + 22. Is o(g) a prime number?
True
Let g(p) = -8*p + 73. Let l be g(3). Is ((-14)/l)/((-4)/195482) a composite number?
False
Suppose -3*m - 162 = -5*d, -2*m = 4 - 6. Let l = 8726 + -8717. Is d*(1407/l)/7 prime?
False
Suppose 3*n - 4*c = 102652 - 13787, 5*c = 5*n - 148100. Is n composite?
True
Let a(n) = -n**2 + 202*n - 458. Is a(82) prime?
False
Let g be (-8)/((-4)/2) - 1986. Let k = -621 - g. Is k prime?
True
Suppose -25971 - 39577 = 14*x. Let u = x - -15865. Is u prime?
False
Let z(w) = -7*w**3 - 16*w**2 + 13*w - 34. Let x be z(15). Let y = -19301 - x. Is y a composite number?
True
Let l = 6739 + 96022. Is l composite?
False
Suppose 0 = 2*r + 3*f + 31, -3*r - 5*f + 0*f = 47. Let d be 2/(r/63 + 4256/18990). Let a = d - 724. Is a a prime number?
True
Suppose o - 537 = 4*g, -5*g + 8*o - 685 = 4*o. Let m = 337 + g. Suppose -m = 4*y - 4240. Is y a prime number?
True
Is 5/(-4*80/(-13191872)) a prime number?
True
Let m(x) = 922*x**2 + 4*x - 143. Is m(-7) a composite number?
False
Suppose 5*d + f - 1293 = 0, -4*f - 13 = -5. Suppose -20*z + 3358 = 3*z. Let s = d - z. Is s prime?
True
Suppose -55*s + 8887315 + 11560530 = 0. Is s composite?
False
Let y = -62 - -56. Let q(m) = m**2 + 7*m + 11. Let k be q(y). Suppose 10*u - k*u = 3245. Is u a prime number?
False
Let i(h) = 364*h - 6. Let r be i(6). Suppose -r = -12*j + j. Is (-22)/j + 7822/9 prime?
False
Suppose -18*v + 853839 = -2706885. Is v a composite number?
True
Suppose 0 = -2*l - 8 + 22. Suppose 0 = -2*a + l*a + 6505. Let g = -184 - a. Is g a composite number?
False
Suppose 30544*t + 861041 = 30585*t. Is t a prime number?
True
Suppose 42 + 38 = 2*p. Suppose 0*c = -5*c + p. Let i(v) = v**3 - 7*v**2 + 8*v - 7. Is i(c) a composite number?
True
Is (-820055)/(-11) + (-60)/(-110) composite?
False
Let o(s) = 6180*s + 379. Is o(2) prime?
True
Let m(x) = 56 - 218*x - 118*x - 59*x. Is m(-15) composite?
False
Let c = 1620331 + -576018. Is c prime?
False
Let i = 3445 - -70576. Is i composite?
False
Let h(r) = r**3 - 5*r**2 - 19*r + 4. Suppose -2*j - 9*g + 44 = -10*g, 3*g = 3*j - 69. Suppose -2 = q - 3*d, -j = q - 3*q + d. Is h(q) a prime number?
True
Let g(u) = -157*u**2 - 16*u + 1. Let r(w) = -w**2 - w - 1. Let t(c) = -g(c) + 4*r(c). Is t(-4) a composite number?
True
Let g = -205 - -205. Suppose -9*o + 10353 + 20976 = g. Is o a prime number?
False
Suppose -646*o + 11231268 = -508*o. Is o composite?
True
Let t(a) = 57*a**3 - 8*a**2 + 7. Let k be t(7). Let p = k + -8865. Is p prime?
True
Let t(x) be the first derivative of x**6/40 - x**5/120 - 11*x**4/24 - 2*x**3 + 15. Let u(j) be the third derivative of t(j). Is u(8) a prime number?
True
Suppose 0 = 57*n + 2011775 - 19452464. Is n a composite number?
True
Let i = 368 + -371. Is -2 - i - 538200/(-24) a prime number?
False
Suppose 4*m = 8, -482*m + 484*m = 5*o - 226681. Is o a prime number?
True
Suppose -1331664 = -5*r + j, 0 = -4*r - 1404*j + 1405*j + 1065331. Is r a prime number?
True
Suppose -w = -1427 - 259. Is (-2)/2*(-4 - w - -1) a prime number?
False
Let b = -29 - -31. Let a(j) = -b + 1 + 41*j - 1261*j. Is a(-1) a prime number?
False
Let g(y) = y**3 + y**2 - y - 2. Let u(q) = 7*q**3 - 22*q**2 - 68*q + 53. Let z(d) = 6*g(d) - u(d). Is z(26) a prime number?
False
Let c = 18008 - -28739. Is c prime?
True
Suppose 13*o - 2*p = 8*o + 463863, 0 = 5